 -292 - -206. List the prime factors of (-2)/3 + n/(-3).
2, 7
Suppose -4*x + 643 = 115. List the prime factors of x.
2, 3, 11
Let u be 2/(-1 + 6 - 3). Let x be -2*(u - 2 - 0). List the prime factors of (-8)/(-10)*5/x.
2
Let d = 5 - 2. Suppose 1 + 6 = -j - d*z, 4*z - 8 = 0. Let a = j - -25. What are the prime factors of a?
2, 3
Let b(z) = 3*z - 2. What are the prime factors of b(5)?
13
Let w be 1/5*(-10)/(-2). List the prime factors of w*(-2 - (-44)/2).
2, 5
Let y = -186 - -307. What are the prime factors of y?
11
Let b(n) = n**2 + 8*n - 9. Let m be b(-9). Suppose m = 3*l + 4*j + 4, -l - 3*j - 8 = -0*l. What are the prime factors of l?
2
Suppose -4*h - 364 = -4*i, 183 = 2*i - 8*h + 5*h. What are the prime factors of i?
2, 3, 5
Let y be ((-12)/9)/(1/(-3)). Suppose -4*w + r + 13 + y = 0, -3*w + 30 = 5*r. Suppose -4*t - 9 = -w*s - 3, 2 = 2*t. What are the prime factors of s?
2
Let h(n) = -70*n**3 + 2*n + 3. What are the prime factors of h(-1)?
71
Let h = 4 + 1. Suppose c + 16 = -4*w, -8 = -4*w + h*c - 0*c. What are the prime factors of w/6*(2 - 16)?
7
Suppose u - 73 - 9 = 0. List the prime factors of u.
2, 41
Let i = -54 + 75. Suppose -5*q = -i - 59. List the prime factors of q.
2
Let d = 72 - 20. What are the prime factors of d?
2, 13
Let c(f) = f**2 - 7*f - 10. Let a be c(9). Let d = a + 6. List the prime factors of d.
2, 7
Let a(o) = o**2 + 10*o + 8. List the prime factors of a(-13).
47
Suppose -3*j + 88 = -5*a + 10, 78 = 3*j + 3*a. Let m = j - 17. List the prime factors of m.
3
Suppose 3*i + 2 = -4*y, 7*i - 3*i - y = 10. Suppose i*t = -t + 3. Let w = t - -1. List the prime factors of w.
2
Let v(z) be the first derivative of -z**2 + 0*z**2 + 3 - z**2 + z. What are the prime factors of v(-1)?
5
Let t(l) = -l**2 + 2. Suppose 3*q - 9 = -0. Let z be t(q). Let p(v) = -v**3 - 8*v**2 - 8*v + 9. What are the prime factors of p(z)?
2
Let h(c) = c**2 + c - 4. Let g(z) = -z**2 + z + 3. Let k be g(-3). Let p be 1*k/(-3) + -7. What are the prime factors of h(p)?
2
Let b be 1*22/(-2) + 3. List the prime factors of (-2)/b - (-70)/8.
3
Let m = 2 + -4. Suppose 5*q = 5*p + 70, -26 = p - q + 6*q. Let r = m - p. List the prime factors of r.
2, 7
Let v(j) = j**3 + 5*j**2 - 4*j + 1. List the prime factors of v(-4).
3, 11
Let o = -4 + 6. Let l be (-48)/30 + o/(-5). What are the prime factors of l/4*2 - -4?
3
Let t = 0 + 2. Suppose 0 = f - t*h + h + 6, 3*h - 38 = 5*f. Let a = -7 - f. What are the prime factors of a?
3
Let z(q) = q**3 + 12*q**2 + 3*q - 23. List the prime factors of z(-11).
5, 13
Suppose -3*x - x = q - 15, 5*q - 5*x - 25 = 0. List the prime factors of q.
7
Suppose 29 = 3*r - 79. Let h(p) = -p**3 - 5*p**2 + 6*p + 4. Let q be h(-6). Suppose 2*v + 41 = 5*j - 4, -q*j + r = -4*v. What are the prime factors of j?
3
Let n = -15 - -11. Let b(r) = 2*r + 2. Let c be b(n). Let k(o) = -o**2 - 7*o - 1. List the prime factors of k(c).
5
Suppose 10 = -k + 13. List the prime factors of k.
3
Let m be -4 + 1 - (55 + 2). Let t = -35 - m. List the prime factors of t.
5
Let q = -4 + 6. Let l(u) = q + 3*u + u**3 - 3 + 4*u**2 + 2. List the prime factors of l(-2).
3
Let q(b) be the third derivative of 5/3*b**3 + 0 + 3*b**2 - 1/24*b**4 + 0*b**5 + 0*b - 1/120*b**6. List the prime factors of q(0).
2, 5
Let m(h) = 6*h - 1. Let w(x) = 7*x - 1. Let k(c) = 4*m(c) - 3*w(c). Let t be ((-10)/(-3))/((-2)/(-3)). List the prime factors of k(t).
2, 7
Let r = -9 - -11. Suppose -2*p + 12 = -0*p. What are the prime factors of p + r + -2 + 1?
7
Suppose -4*y = -7*y + 12. Suppose 0 = 5*a + h - 8, 5*a - 4*h - 4 - 14 = 0. Suppose a*d = 4*j - 34, 0 = -j + y*d - 3*d + 10. List the prime factors of j.
7
Let t be 5*((-39)/15 + 3). Suppose -p + t = -8. List the prime factors of p.
2, 5
Suppose 21 + 24 = 5*z - 5*w, 3*w = -15. What are the prime factors of (-2)/(z/(-6)) - -9?
2, 3
Let l be 4/14 - (-313)/7. Let v = -7 + 16. Suppose -4*n - l = -v*n. What are the prime factors of n?
3
Let u = 8 - 9. What are the prime factors of 8/(-3 + 2)*u?
2
Let j(f) = -2*f - 7. Let q(y) = y + 6. Let s(n) = -4*j(n) - 5*q(n). What are the prime factors of s(4)?
2, 5
Suppose -5*g - 12 = 5*o - 42, -3*o + 18 = -5*g. List the prime factors of (-3 - 0)/((-1)/o).
2, 3
Let t(l) = 7*l + 23. List the prime factors of t(5).
2, 29
Suppose 10*p + 147 = 11*p. What are the prime factors of p?
3, 7
Let a = -125 - -218. List the prime factors of a.
3, 31
Let d = 11 + -2. Suppose 2*j = 4*m + 16, 3*m = -4*j - 0*m + 21. List the prime factors of d + (-4)/j*3.
7
Let w be (5/1 + -2)/1. Suppose -w*z = -7*z - 52. What are the prime factors of -1 - ((-1 - -4) + z)?
3
Let l = 11 + 63. List the prime factors of l.
2, 37
Let n(c) = 2*c**3 - 5*c**2 + 2*c + 4. Let p(w) = w - 3. Let m be p(6). List the prime factors of n(m).
19
Let z(h) be the third derivative of h**5/60 + 4*h**3/3 + h**2. Let m be 0/(2/2) + 0. List the prime factors of z(m).
2
Suppose 8 = 2*y, -4*f - 2*y + 24 + 8 = 0. Let d(i) = i**3 - 5*i**2 - 5*i + 6. List the prime factors of d(f).
2, 3
Suppose -121 = -g + 3*w, -4*g - w + 409 = 2*w. List the prime factors of g.
2, 53
Let y(d) = 3*d**3 - 12*d**2 + 5*d + 8. Let v(l) = 2*l**3 - 11*l**2 + 5*l + 8. Let h(j) = -4*v(j) + 3*y(j). What are the prime factors of h(-8)?
2
Let w(x) = 11*x**2 - 2*x - 4. What are the prime factors of w(-2)?
2, 11
What are the prime factors of ((-28)/(-21))/((-4)/(-138))?
2, 23
Suppose -2*h = 5 - 17. What are the prime factors of h?
2, 3
Let m be 0/(0 + 2/2). Let r = 3 + m. Suppose -7 - 23 = -r*u. List the prime factors of u.
2, 5
What are the prime factors of -90*7/((-56)/12)?
3, 5
Let f(h) = 5*h + h + h**2 + 0*h**2. What are the prime factors of f(-8)?
2
Let i(w) = 4*w**2 + w. List the prime factors of i(-1).
3
Suppose -2*w + 81 = -w. What are the prime factors of w?
3
Let v(q) = -q**3 - 9*q**2 - 5*q + 2. What are the prime factors of v(-9)?
47
Let q(o) = 2*o**2 + 2*o - 1. Let s(n) = 3*n**2 + n - 2. Let f(l) = -4*q(l) + 3*s(l). Suppose -16 - 8 = -4*z. What are the prime factors of f(z)?
2
Suppose 4*n + 80 = 5*n. What are the prime factors of n?
2, 5
List the prime factors of -2 - (2 - (29 - 4)).
3, 7
Suppose -2*r = 4*m - 64, -171 = -3*r - 2*r + m. Let b = -9 + 5. List the prime factors of 2/b + r/4.
2
Let x = 8 + 4. Suppose -5*v = 3*w - 2, w - 5*w - 2*v + x = 0. Suppose -3*y = -z + 6, w*y = -2*z + y + 12. What are the prime factors of z?
2, 3
Let r(n) be the first derivative of n**4/4 + 4*n**3/3 - n**2 + 4*n + 5. List the prime factors of r(-4).
2, 3
What are the prime factors of 3 + 5/(-5)*-49?
2, 13
Let w(p) = -p**3 - 7*p**2 - 7*p. Let i be w(-6). Let x = i - 4. What are the prime factors of x?
2
List the prime factors of (-2)/2 + (2 - -32).
3, 11
Let c(m) = 5*m**3 + 10*m - 12. Let r(d) = d**3 - d**2 + d - 1. Let q(k) = c(k) - 6*r(k). List the prime factors of q(6).
2, 3
Suppose 3*i = i - 54. Let v be i*((-3)/3 - 0). Suppose 0 = -4*h + 12, 0*p + v = 3*p - h. What are the prime factors of p?
2, 5
Let i(m) = 2*m**2 - 2*m - 1. Let h be i(-1). Suppose 0 = 2*o - 13 - h. What are the prime factors of o?
2
Let t(i) = 2*i**2 + 11*i + 15. What are the prime factors of t(-7)?
2, 3
Let u be (-1)/(-1) + 1 + 0. Suppose -4*z - z = -5. Let j = z + u. List the prime factors of j.
3
Let v = -1 + 1. Let r = 0 - v. List the prime factors of (r - -1)/(1/5).
5
Let h be 0/((12/3)/(-2)). Let j = h - -2. List the prime factors of j/2 + (4 - -2).
7
Suppose 3*x - w - 5 = 0, -19 + 2 = -3*x - 2*w. Suppose 3*r - 106 = 5*z, -4*r = -x*z - z - 136. List the prime factors of r.
2
Suppose -5*d + 2 + 3 = 0, -4*d = 4*n - 88. List the prime factors of n.
3, 7
Suppose -1145 = -5*m + q, -2*m + 4*q = -263 - 213. List the prime factors of m.
2, 3, 19
Let u(t) = -4*t**2 - 3*t - 4. Let f be u(-3). Let q = -12 - f. List the prime factors of q.
19
Let t = 40 + -9. List the prime factors of t.
31
Let p(k) = 13 + 4*k - 2*k - k. What are the prime factors of p(9)?
2, 11
Suppose s = -2, 0 = -3*y + s + 14. Let a be ((-1)/3)/((-3)/18). Suppose -a*p + 0 = -y. What are the prime factors of p?
2
Suppose 4*n + 40 = 2*l - 0*l, -l = 2*n - 24. Let c = -10 + l. What are the prime factors of c?
2, 3
Suppose -c - 2*c = -12. Suppose 80 = c*j + 3*v, -2*j - j - 3*v = -63. List the prime factors of j.
17
Suppose 5*l - 120 = 2*r, 3*l - 6*l - 3*r + 93 = 0. What are the p